d - 16. Determine n(13).
-94
Let w(q) = q**3 + 13*q**2 + 39*q - 9. Determine w(-5).
-4
Let s(g) = -g**3 - 11*g**2 + 2*g + 23. Give s(-11).
1
Let t(f) = f - 5. Calculate t(0).
-5
Let g(q) = -q**2 + 5*q + 12. Give g(6).
6
Let c(x) = -3*x - 16. Give c(-6).
2
Let h(c) = c + 19. Calculate h(-13).
6
Let u(q) = -q**3 - 15*q**2 - 15*q - 24. Determine u(-14).
-10
Let s(b) = -6*b + 12. Calculate s(5).
-18
Let d(w) = w**2 + 1. Give d(-3).
10
Let f(n) = n**3 + 4*n**2 + 6. Determine f(-5).
-19
Let a(p) = -p**2 - 9*p + 19. What is a(-11)?
-3
Let s(w) = -w + 11. Calculate s(12).
-1
Let z(l) = l**2 - 7*l + 6. What is z(4)?
-6
Let v(j) = -4*j**2 + 4*j + 9. Give v(3).
-15
Let k(m) = -m**3 + 15*m**2 + 17*m - 20. Give k(16).
-4
Let s(a) = a**2 + 7*a - 2. What is s(-2)?
-12
Let a(j) = -j**2 + 7*j + 6. Give a(7).
6
Let u(t) = 13*t - 53. Calculate u(7).
38
Let s(l) = 2*l**2 - 11*l + 6. Give s(6).
12
Let t(d) = d**2 + 13*d - 15. Give t(-13).
-15
Let z(u) = -2*u - 20. Give z(-7).
-6
Let a(h) = h**2 - 11*h + 10. What is a(9)?
-8
Let d(i) = i + 3. Determine d(-10).
-7
Let s(d) = 2*d**2 - 19*d - 6. Calculate s(0).
-6
Let u(o) = o + 20. Determine u(4).
24
Let a(z) = z**3 - 7*z**2 - 5*z + 9. Calculate a(7).
-26
Let p(i) = -4*i**2 - i - 2. Give p(-1).
-5
Let b(x) = -10*x + 3. What is b(2)?
-17
Let i(y) = y**3 - 5*y**2 + 4*y - 5. What is i(4)?
-5
Let j(p) = -6*p**3 + p**2 - 2*p + 3. What is j(2)?
-45
Let s(x) = x**2 - 28*x - 160. Calculate s(-6).
44
Let h(u) = -u**2 - 8*u - 16. Give h(-4).
0
Let b(j) = -j**3 + 15*j**2 - 16*j - 45. Determine b(14).
-73
Let b(k) = 12*k - 34. Give b(2).
-10
Let f(p) = -p**2 - 3*p + 32. Give f(6).
-22
Let a(w) = w**2 + 4*w - 7. What is a(-5)?
-2
Let x(f) = -f - 5. What is x(4)?
-9
Let d(o) = -o**3 - 12*o**2 - o - 6. Calculate d(-12).
6
Let y(a) = a**2 + 10*a + 8. Give y(-10).
8
Let u(d) = d**3 + 4*d**2 + 1. Give u(-5).
-24
Let c(m) = m**3 + 2*m**2 - 2*m - 7. Give c(-3).
-10
Let z(l) = l + 17. Give z(-6).
11
Let v(g) = -g**3 + 37*g**2 - 32*g - 124. Determine v(36).
20
Let a(l) = l - 36. What is a(0)?
-36
Let m(q) = q**3 - 2*q**2 - 2*q - 1. Give m(3).
2
Let d(i) = i**3 + 7*i**2 + 9*i + 40. Calculate d(-7).
-23
Let r(y) = -5*y + 83. Calculate r(16).
3
Let y(q) = -8*q**2 - 2*q - 2. Determine y(-1).
-8
Let w(i) = -5*i + 31. Calculate w(-8).
71
Let x(v) = v**3 - 8*v**2 + 10*v - 2. Calculate x(4).
-26
Let t(b) = -b**3 - 2*b**2 + b + 2. What is t(2)?
-12
Let g(k) = 4*k**2 - 4*k - 7. Determine g(2).
1
Let m(l) = l**3 + 3*l**2 + 2*l - 2. What is m(-2)?
-2
Let y(h) = -36*h + 337. Give y(9).
13
Let r(h) = h - 23. What is r(20)?
-3
Let u(p) = -p**3 - 7*p**2 - 8. What is u(-7)?
-8
Let k(j) = j**3 - 3*j**2 + 2. Determine k(4).
18
Let b(a) = 13*a**2 - 222*a + 17. Determine b(17).
0
Let y(t) = t**2 + 3*t - 6. What is y(-5)?
4
Let t(s) = 14*s + 1. Give t(-1).
-13
Let d(r) = 12*r + 16. Calculate d(-9).
-92
Let f(m) = -m**3 + m**2 + m + 8. What is f(3)?
-7
Let s(l) = -l**2 - 60*l - 700. Determine s(-44).
4
Let y(r) = -r**2 + 22*r + 49. Calculate y(24).
1
Let c(a) = -13*a**3 + a**2 + a - 2. Calculate c(2).
-100
Let b(w) = -w**3 - 7*w**2 + 7*w + 12. Determine b(-8).
20
Let t(w) = 115*w - 10. What is t(0)?
-10
Let x(i) = -10*i - 99. What is x(-16)?
61
Let f(q) = -3*q + 50. What is f(19)?
-7
Let i(b) = -b**2 + 2*b + 3. What is i(-1)?
0
Let z(n) = -n**3 - 22*n**2 - 20*n + 15. Determine z(-21).
-6
Let l(h) = h + 2. Calculate l(4).
6
Let b(d) = 43*d**3 - 3*d - 2. Give b(-1).
-42
Let b(w) = -w**2 - 7*w - 17. Determine b(-6).
-11
Let v(o) = 2*o**2 + 20*o - 34. What is v(-11)?
-12
Let q(h) = h**3 + 10*h**2 - 21*h - 236. What is q(-9)?
34
Let m(c) = 2*c + 53. Give m(-29).
-5
Let h(k) = 11*k**3 - k. Determine h(-1).
-10
Let p(k) = -3*k + 38. Determine p(13).
-1
Let b(h) = -h**3 + 5*h**2 - 2*h - 4. What is b(3)?
8
Let p(q) = 6*q - 6. Calculate p(1).
0
Let c(x) = x**2 + 17*x + 50. What is c(-12)?
-10
Let m(l) = 3*l - 41. Determine m(14).
1
Let y(z) = -2*z**2 - 12*z + 4. Give y(-6).
4
Let h(f) = 9*f - 117. What is h(15)?
18
Let d(x) = -x**3 + 18*x**2 + 14*x + 96. Calculate d(19).
1
Let i(y) = -y**3 - 10*y**2 - 15*y - 18. Determine i(-9).
36
Let l(k) = -k**2 + 4*k + 3. Give l(4).
3
Let o(k) = -2*k + 10. Determine o(-4).
18
Let m(g) = -g**3 - 3*g**2 + 4*g - 5. Calculate m(-4).
-5
Let m(x) = x**3 - 10*x**2 + 5*x + 8. What is m(9)?
-28
Let l(x) = 18*x**3 - x**2 + x - 6. Give l(2).
136
Let h(a) = -a - 48. Calculate h(-24).
-24
Let h(r) = -r**2 - 18*r - 8. Give h(-13).
57
Let o(g) = 14*g - 1. Give o(-1).
-15
Let z(p) = p**3 + 3*p**2 - 15*p + 27. Give z(-6).
9
Let b(t) = t**3 - 11*t**2 - 12*t - 13. What is b(12)?
-13
Let f(s) = s**2 + s - 3. Calculate f(-4).
9
Let x(i) = -2*i**2 + 36*i - 153. What is x(10)?
7
Let r(f) = -f**3 + f**2 + 4*f + 3. Give r(-2).
7
Let b(n) = -79*n + 315. Calculate b(4).
-1
Let u(s) = s**3 - 13*s**2 + 1. What is u(13)?
1
Let b(c) = -6*c + 89. Give b(14).
5
Let u(x) = -x**2 - 8*x - 9. What is u(-2)?
3
Let p(o) = o**2 - 10*o + 4. Give p(6).
-20
Let t(c) = 6*c + 59. What is t(-10)?
-1
Let q(a) = -4*a - 2. Give q(2).
-10
Let b(g) = g + 20. Determine b(-7).
13
Let l(g) = -15*g + 17. Give l(-4).
77
Let y(g) = -28*g**3. What is y(-1)?
28
Let s(t) = t**2 + 19*t + 12. Calculate s(-18).
-6
Let x(y) = -y**3 - y**2 + 3*y + 3. What is x(-2)?
1
Let u(w) = 3*w + 1. Determine u(1).
4
Let u(s) = 11*s - 128. Calculate u(11).
-7
Let z(a) = -a**3 + 2*a**2 + 3*a - 6. What is z(-2)?
4
Let w(x) = 2*x**2 - 38*x - 8. What is w(19)?
-8
Let p(n) = -56*n**3. What is p(-1)?
56
Let l(y) = -y**3 - 2*y**2 - 2*y - 2. Determine l(-2).
2
Let v(j) = j**3 - 13*j**2 - 12*j + 6. Give v(14).
34
Let t(u) = u + 6. Calculate t(9).
15
Let n(l) = l**3 + 11*l**2 - 20*l - 103. Determine n(-12).
-7
Let y(w) = 3*w**2 - 4*w - 1. Determine y(3).
14
Let o(m) = 2*m - 47. Give o(21).
-5
Let p(x) = -x**3 + 8*x**2 - 6*x - 5. What is p(7)?
2
Let n(t) = 8*t**2 - 3*t + 4. Give n(2).
30
Let t(v) = 2*v - 8. Calculate t(-7).
-22
Let k(c) = -c**2 + 17*c - 46. Determine k(15).
-16
Let r(s) = s - 6. Give r(4).
-2
Let p(u) = 3*u - 2. What is p(0)?
-2
Let w(l) = 270*l - 544. Determine w(2).
-4
Let d(i) = 2*i**2 - 27*i + 89. Give d(9).
8
Let a(d) = 14*d**3 - 2*d + 2. What is a(1)?
14
Let n(g) = 2*g**2 - 3*g. What is n(2)?
2
Let c(f) = f + 4. What is c(12)?
16
Let s(g) = g**2 + 8*g - 4. Calculate s(-3).
-19
Let j(u) = u**3 + 12*u**2 + 20*u - 21. Determine j(-9).
42
Let a(l) = 17*l + 2. Determine a(-2).
-32
Let g(h) = 6*h**3 + 2*h**2 - h - 5. Give g(2).
49
Let l(f) = -f**2 - 2*f + 9. Calculate l(-5).
-6
Let m(c) = -c**3 - 9*c**2 + 8*c - 10. What is m(-10)?
10
Let t(s) = -17*s + 5. Determine t(-4).
73
Let p(f) = f**2 - 9*f + 15. What is p(4)?
-5
Let h(z) = -z**3 - z**2 + 11. What is h(0)?
11
Let y(m) = -8*m - 23. Give y(-2).
-7
Let y(h) = -8*h**2 + 22*h - 6. Give y(2).
6
Let m(c) = c - 16. Give m(5).
-11
Let k(i) = -i**3 - 13*i**2 - i + 12. Calculate k(-13).
25
Let l(b) = 2*b**2 - 5*b - 7. What is l(6)?
35
Let q(u) = -u**3 + 9*u**2 - u - 19. What is q(9)?
-28
Let b(h) = 2*h**2 - 23*h + 1. What is b(11)?
-10
Let b(l) = -13*l. Give b(1).
-13
Let j(p) = -12*p**2 + 3*p + 1. Calculate j(-2).
-53
Let u(q) = 5*q**3 - 2*q - 1. Calculate u(-1).
-4
Let f(q) = -6*q**2 + 8*q - 12. Determine f(2).
-20
Let y(r) = -3*r + 1. Determine y(3).
-8
Let g(v) = -19*v + 201. Calculate g(11).
-8
Let o(x) = -7*x**2 - 8*x - 4. Calculate o(5).
-219
Let i(j) = -2*j**3 + 6*j**2 - 2*j + 6. What is i(3)?
0
Let d(c) = 2*c. Calculate d(-10).
-20
Let m(n) = n**3 - 15*n**2 - 30*n + 231. What is m(16)?
7
Let l(s) = -2*s - 8. What is l(8)?
-24
Let j(p) = -p**3 - 5*p**2 + 4*p - 2. What is j(-5)?
-22
Let h(r) = -r**3 + 29*r**2 - 3*r + 72. Determine h(29).
-15
Let g(p) = p**3 - 6*p**2 - 8*p + 2. What is g(7)?
-5
Let i(n) = -n**3 + 7*n**2 - 7*n + 4. What is i(6)?
-2
Let o(l) = -50*l - 157. Calculate o(-3).
-7
Let t(f) = 18*f - 6. Give t(4).
66
Let r(l) = l**3 + 8*l**2 - 11*l + 14. Give r(-9).
32
Let d(s) = s**3 + 7*s**2 + 15*s - 1. Give d(-5).
-26
Let a(g) = -g**2 + 15*g - 29. What is a(14)?
-15
Let s(p) = -2*p**2 - 6*p - 9. Calculate s(-6).
-45
Let d(x) = -x**2 - 12*x + 31. What is d(-7)?
66
Let s(z) = 2*z**3 + 30*z**2 - 37*z - 88. Calculate s(-16).
-8
Let m(h) = h**3 + 16*h**2 - h - 12. Give m(-16).
4
Let y(i) = -19*i**3 + 2*i**2 - i - 1. What is y(1)?
-19
Let w(r)